)/(-4) - 3 - 11. Let j be d(c). Let o = j - -27. What are the prime factors of o?
23
Suppose 3*l + 2*z = -2*z + 6360, -5*l = 2*z - 10586. List the prime factors of l.
2, 23
Let w = -130 - 28. Let p = 87 - w. What are the prime factors of p?
5, 7
Suppose 0 = -5*g + 11 + 4. Suppose g*z + 3 + 18 = 0. List the prime factors of (-2 - 5)*12/z.
2, 3
Suppose -12 = -4*m, -m = -3*p + m - 54. Let t = -14 - p. Suppose -t*i = -2*h - 12 - 62, 0 = -5*i + 4*h + 187. What are the prime factors of i?
3, 13
Let n be (60/(-18))/(2/(-12)). List the prime factors of 12/n - 816/(-15).
5, 11
Let y(a) = 2*a**3 + 9*a**2 - 15*a + 15. Let i(d) = 3*d**3 + 9*d**2 - 15*d + 14. Let m(q) = 3*i(q) - 4*y(q). List the prime factors of m(9).
3, 13
Let p = -368 + 845. What are the prime factors of p?
3, 53
Let u(o) = 2*o**3 - 11*o**2 + 14*o - 324. List the prime factors of u(14).
2, 3, 89
Let g(o) = 33*o**2 + 6*o + 12. What are the prime factors of g(4)?
2, 3, 47
Suppose -j + 3*r = -514, -4*j - 6*r = -7*r - 2012. List the prime factors of j.
2, 251
Let i(q) = 4*q**2 - 7*q + 289. List the prime factors of i(19).
2, 5
Let y(l) = l**2 + l + 1. Let w(f) = -7*f**2 + 7*f - 17. Let x(p) = w(p) + 6*y(p). List the prime factors of x(8).
29
What are the prime factors of (48/80)/(1/425)?
3, 5, 17
List the prime factors of -1*1401/5*(42 + -47).
3, 467
Let b be 3 + 1 - (3 - 3). Let v be 3/4*b + -1. What are the prime factors of ((-35)/v)/(15/(-30))?
5, 7
Let s = 10 - 9. Suppose 5*w = 5*g - 20, 0*w + 4*g = -w - 4. List the prime factors of w + (s - (3 - 74)).
2, 17
Suppose 450 - 1458 = -6*o. Let u = o - 82. List the prime factors of u.
2, 43
Suppose 34 = 2*h + 3*x, 5*x = -3*h - 2*h + 80. Let y = h + 51. What are the prime factors of y?
5, 13
Let b = 1426 - 796. List the prime factors of b.
2, 3, 5, 7
Let j = -4 - -4. Suppose -2*i - 10 = 0, 5*i + 24 = -j*s + s. List the prime factors of (-505)/(-10) + s/(-2).
3, 17
Let i(k) = 183*k - 3. Suppose 6 = 3*t + 3*u, 4*t - 5 = t - 2*u. List the prime factors of i(t).
2, 3, 5
Suppose -i + 1897 = 40*a - 37*a, -4*i + 3150 = 5*a. List the prime factors of a.
2, 317
Suppose -3*c - 10 = 3*l + 14, -5*l = 3*c + 44. Let s = 33 + l. Suppose y = -y - z + 2, 0 = -5*y + 2*z + s. What are the prime factors of y?
3
Let l(x) = -82*x - 9. Let z(y) = 27*y + 3. Let s(v) = -6*l(v) - 17*z(v). Let o be s(5). List the prime factors of ((-2)/(-3))/(8/o).
2, 7
What are the prime factors of 4548*7/35 + 15/(-25)?
3, 101
Let f(n) = -n**3 - 2*n**2 + n + 88. Let h = 30 + -30. What are the prime factors of f(h)?
2, 11
Let k(f) = -100*f + 3. Let u be k(-1). List the prime factors of (-1)/(-2 - u/(-52)).
2, 13
Let u = 104 - 69. List the prime factors of (36/(-15))/(((-2)/u)/2).
2, 3, 7
Let l be 1/1 + 4 + 59. Suppose -l = -3*a - 4*g, -g + 2*g = 3*a - 59. What are the prime factors of a?
2, 5
Suppose w - 2*o + 4 = -12, 2*o = -2*w - 2. Let u = w + 24. Let h = u + 1. What are the prime factors of h?
19
Suppose -5*h = -6 + 11. Let t = h + 25. List the prime factors of t.
2, 3
Suppose -5*z + h + 736 = -0*z, 0 = -z - 4*h + 164. Suppose -57 = -5*g + z. What are the prime factors of g?
41
Let b be 158/2 - (-1 - 0). Let x = 26 - b. Let v = x + 84. List the prime factors of v.
2, 3, 5
Let t = 194 - 26. Suppose 0 = 2*s + 44 - t. What are the prime factors of s?
2, 31
Let o = 2681 - 1258. What are the prime factors of o?
1423
Let w = -54 - -58. Suppose -l + 204 = 5*m, 408 = w*l - 2*l + m. What are the prime factors of l?
2, 3, 17
Let r(x) = -x**3 - 8*x**2 - 2*x - 8. Let s be r(-8). Let t = 12 - s. Suppose -6*m + 26 = -t. What are the prime factors of m?
5
Let s(v) = -v**3 - 4 - 8*v - 9*v**2 + 1 + 6. Let y be s(-8). What are the prime factors of (-34)/6*-3 + y?
2, 5
Let b be 0 - (-4)/10 - (-816)/(-240). Let g(y) = -7*y**3 - 4*y**2 + 4. List the prime factors of g(b).
157
Let a = -22 - -26. Suppose -55 = a*j - 243. Suppose -j = -5*o - z + 40, z = -3. List the prime factors of o.
2, 3
Let j(b) = -b + 8. Let h be j(4). Suppose 0 = -3*l - h*x + 9, -2*x = -5*l - x + 15. Suppose 31 = l*g - 14. List the prime factors of g.
3, 5
Let u = -666 - -786. What are the prime factors of u?
2, 3, 5
Suppose 34*l - 10818 = 16*l. What are the prime factors of l?
601
Let f = -11 - -1. Let c be (12/f)/(3/(-20)). Suppose -16 = -2*m + c. List the prime factors of m.
2, 3
Suppose 0 = 5*h + 2*m - 2211, -3*m = -4*h - 0*h + 1778. List the prime factors of h.
443
Let f(j) = j**3 - 4*j**3 + 2*j**3 - 15*j**2 - 11 + 3*j - 4*j. Let y be f(-15). Suppose -y*z = -16, -5*p + 23 = z - 31. List the prime factors of p.
2, 5
Let k(b) = 11*b**2 - 8*b + 6. List the prime factors of k(-4).
2, 107
Let k(x) = x**3 + 5*x**2 + 2*x + 1. Let w be k(-5). Let y = -25 - w. Let u = 29 + y. What are the prime factors of u?
13
Let g = -10 - -12. Suppose -4*n + g*n = -80. Let y = n - -2. List the prime factors of y.
2, 3, 7
Let f(k) = k**3 + 8*k**2 + 2*k + 7. List the prime factors of f(-7).
2, 3, 7
Let x = -137 - -144. Suppose 6*n - q + 295 = x*n, -3*q - 867 = -3*n. List the prime factors of n.
2, 73
Suppose 141 = -5*q + 6*q. Suppose -q - 160 = -7*y. List the prime factors of y.
43
Let t be 5/(-3) + 187/51. Suppose -1554 = -8*i + t*i. What are the prime factors of i?
7, 37
Let v = 0 + -2. Let x(i) be the third derivative of -i**6/40 - i**4/24 - i**3/3 + 14*i**2. List the prime factors of x(v).
2, 3
Let u be ((-139)/(-2))/(17/102). Suppose -u = 6*a - 1641. What are the prime factors of a?
2, 3, 17
What are the prime factors of 2/(-11) + 28212/44?
641
Let t = -173 + 395. List the prime factors of t.
2, 3, 37
Let a = -47 - -52. Suppose l - 13 + 1 = -3*u, -a*l + 132 = -3*u. What are the prime factors of l?
2, 3
Suppose 441*f - 447*f = -2556. What are the prime factors of f?
2, 3, 71
Suppose -4*u + 2983 - 941 = 2*s, -u + 5*s = -538. What are the prime factors of u?
3, 19
Suppose 3*l - 11 - 9 = -4*x, -10 = l - 2*x. Let d(n) = 3*n + 13. What are the prime factors of d(l)?
13
Let a = 65 - 49. Suppose a*x - 21*x + 230 = 0. What are the prime factors of x?
2, 23
Let y be 6*(-27)/(-6) - 2. Suppose y = t - 5*v, -1 = 3*t + 2*v + 2*v. Suppose -k - 8 = -t*h + 2, k = 3*h. What are the prime factors of k?
3, 5
Let n = -47 + 105. Let b = 103 - n. What are the prime factors of b?
3, 5
Let r be (1 + -142)*-1 - (4 - 3). Suppose -7*d - r = -938. What are the prime factors of d?
2, 3, 19
Let b = 105 - 104. Let m(i) = 6*i - 3. Let p(a) = -a + 1. Let q(l) = m(l) + 3*p(l). What are the prime factors of q(b)?
3
Suppose -4*m + 16 = -n, 4*n = m + 6*n - 4. Suppose -261 - 127 = 3*j - 2*l, 0 = -2*l + m. List the prime factors of (-16)/j - (-846)/16.
53
Suppose x - 4*r - 468 = 277, r = -x + 755. What are the prime factors of x?
3, 251
Suppose -3*n + 1348 = q - 4*n, 2*n - 5398 = -4*q. What are the prime factors of q?
19, 71
Suppose 0 = -4*u - 4*k - 14 + 2, -2*u = -2*k - 14. Suppose 0 = -2*i + 4*y + 60, -3*y + u = -y. What are the prime factors of i?
2
Let c be (-2)/(-4) - 17/(-2). Suppose -4*f + c = -7. Suppose f*r - 34 = 26. List the prime factors of r.
3, 5
Let i(m) = 2*m**2 + 16*m + 1. Let z be i(-6). Let b = 20 - z. List the prime factors of b.
43
Suppose 0 = -8109*w + 8118*w - 23292. List the prime factors of w.
2, 647
Suppose -5*m - 2 = -82. Suppose -3*w - m + 94 = 0. List the prime factors of w.
2, 13
Let m(t) = 3*t**3 + 2*t**2 - 5*t**3 - t**2. Suppose -3*y = -0*y + 6. What are the prime factors of m(y)?
2, 5
Suppose -7*y + 3*u = -2*y - 205, 4*u - 20 = 0. List the prime factors of (-103)/(5 + y/(-8)).
2, 103
Suppose -5*m = m - 12. Suppose -5*i - m*t = -356, -t = -i - 10 + 77. What are the prime factors of i?
2, 5, 7
Let w be ((84/(-16))/(-7))/(9/24). Suppose -w*g + 258 = -5*z, -5*z = -2*g + 6*g - 486. What are the prime factors of g?
2, 31
Suppose 0 = 3*b + 3*f - 7728, -3*b + 8078 = -5*f + 382. List the prime factors of b.
2, 643
Let b = -498 + 728. List the prime factors of b.
2, 5, 23
Let w = 529 - -1166. What are the prime factors of w?
3, 5, 113
Let o(x) be the third derivative of -x**6/60 - x**5/12 + 5*x**4/24 + 5*x**3/3 + 14*x**2. List the prime factors of o(-4).
2, 19
Let f be 687/33 - (-2)/11. What are the prime factors of (-30)/(-4) + f/14?
3
Let p(q) = 2*q - 8. Let h be p(4). List the prime factors of (0 - h) + (-940)/(-20).
47
Suppose 4*j + 2 = 102. Suppose 53 = u 